 of 903900 and 5.
5
What is the highest common factor of 5548 and 6878?
38
Calculate the greatest common divisor of 240274 and 38.
38
Calculate the highest common divisor of 130 and 105521.
13
Calculate the greatest common divisor of 944392 and 388.
388
What is the greatest common factor of 1110 and 49765?
185
Calculate the highest common divisor of 153054 and 594.
198
What is the greatest common divisor of 921 and 59251?
307
Calculate the highest common divisor of 9284 and 1540.
44
What is the highest common divisor of 102 and 29886?
102
Calculate the highest common divisor of 4403 and 918.
17
Calculate the greatest common divisor of 944 and 60584.
8
Calculate the greatest common divisor of 9152 and 1584.
176
Calculate the greatest common divisor of 30 and 462.
6
Calculate the highest common divisor of 2702 and 3190676.
386
Calculate the greatest common factor of 33674 and 1341.
149
What is the greatest common divisor of 4529 and 707?
7
What is the greatest common divisor of 380 and 17?
1
What is the greatest common factor of 153654 and 6?
6
Calculate the highest common factor of 17290 and 286.
26
What is the highest common factor of 14420 and 2120?
20
What is the highest common divisor of 427917 and 142?
71
Calculate the highest common divisor of 1350 and 4182975.
675
What is the highest common factor of 24 and 895416?
24
Calculate the greatest common divisor of 147 and 27293.
49
What is the highest common divisor of 1240110 and 810?
810
Calculate the highest common divisor of 279 and 846.
9
What is the greatest common divisor of 346537 and 43?
43
What is the greatest common factor of 2540 and 30?
10
What is the highest common factor of 161 and 1956058?
23
Calculate the greatest common divisor of 2275 and 62465.
65
Calculate the greatest common factor of 144 and 133983.
9
What is the greatest common factor of 279 and 240021?
9
What is the highest common divisor of 205 and 8495?
5
What is the greatest common divisor of 4170 and 177?
3
Calculate the highest common factor of 108589 and 39.
13
Calculate the greatest common divisor of 2497 and 6129.
227
What is the highest common divisor of 6 and 203649?
3
What is the greatest common divisor of 46033 and 7839?
13
Calculate the greatest common divisor of 6225 and 16102.
83
Calculate the highest common divisor of 5988 and 564.
12
What is the greatest common divisor of 602280 and 360?
360
What is the highest common divisor of 75 and 21625?
25
What is the greatest common factor of 5855 and 10?
5
What is the greatest common factor of 37 and 2811408?
37
Calculate the greatest common divisor of 135 and 435.
15
Calculate the greatest common factor of 58 and 302615.
29
Calculate the greatest common factor of 3962859 and 717.
717
What is the greatest common divisor of 174 and 2279516?
58
What is the greatest common factor of 14469 and 28?
7
What is the highest common factor of 159243 and 462?
21
What is the greatest common divisor of 21450 and 2112?
66
Calculate the greatest common factor of 117638 and 786.
262
Calculate the highest common divisor of 186 and 1536.
6
Calculate the highest common factor of 796 and 1172.
4
Calculate the highest common factor of 1852184 and 136.
136
What is the highest common divisor of 1676 and 98884?
1676
Calculate the highest common divisor of 2209503 and 1405.
281
Calculate the highest common factor of 13920 and 138.
6
What is the greatest common factor of 1822257 and 486?
243
What is the greatest common factor of 1304412 and 2556?
852
What is the greatest common divisor of 33 and 5346759?
33
What is the greatest common factor of 351 and 8622?
9
What is the highest common factor of 641 and 9?
1
Calculate the greatest common factor of 186 and 1725026.
62
What is the highest common factor of 54 and 1012?
2
What is the greatest common factor of 75 and 3735?
15
What is the greatest common factor of 2 and 124382?
2
What is the highest common factor of 1686 and 138?
6
Calculate the highest common divisor of 760 and 2870330.
190
Calculate the greatest common divisor of 9600 and 4520.
40
Calculate the greatest common divisor of 140 and 1829065.
35
Calculate the highest common divisor of 2073 and 54.
3
What is the greatest common divisor of 1296 and 47790?
162
Calculate the greatest common factor of 2352693 and 483.
483
Calculate the greatest common divisor of 2227 and 1717.
17
What is the highest common divisor of 14 and 8306?
2
What is the highest common factor of 248 and 752?
8
What is the highest common divisor of 61986 and 318?
6
What is the greatest common divisor of 823994 and 118?
118
Calculate the highest common factor of 24 and 2576232.
24
What is the greatest common divisor of 30 and 25660?
10
Calculate the greatest common divisor of 653058 and 146.
146
Calculate the highest common divisor of 28 and 50918.
14
What is the highest common factor of 24408 and 2260?
452
Calculate the greatest common divisor of 49528 and 7544.
328
What is the greatest common factor of 403788 and 4508?
644
What is the greatest common factor of 4344 and 1176?
24
What is the highest common factor of 207 and 235911?
69
What is the greatest common divisor of 706 and 44125?
353
What is the highest common factor of 918 and 34442?
34
What is the greatest common divisor of 38316 and 465?
93
Calculate the highest common divisor of 21872 and 48.
16
What is the highest common factor of 10273 and 2?
1
What is the highest common divisor of 242655 and 345?
15
What is the highest common factor of 1045196 and 62?
62
What is the greatest common divisor of 352 and 5522?
22
Calculate the highest common divisor of 238940 and 455.
65
What is the highest common factor of 122 and 128893?
61
Calculate the greatest common factor of 8964 and 48.
12
What is the greatest common factor of 12768 and 65856?
672
What is the highest common factor of 5744 and 115239?
359
Calculate the greatest common factor of 260 and 8164.
52
Calculate the greatest common divisor of 29480 and 319.
11
What is the highest common divisor of 71640 and 720?
360
What is the highest common factor of 418 and 59318?
38
What is the greatest common factor of 11 and 1442221?
11
What is the highest common factor of 212772 and 18921?
357
Calculate the highest common factor of 1859 and 12727.
143
What is the greatest common divisor of 396 and 35739?
99
What is the greatest common factor of 1450 and 550?
50
Calculate the highest common divisor of 9126 and 104598.
702
Calculate the greatest common divisor of 24424 and 40.
8
Calculate the highest common divisor of 7350306 and 654.
654
What is the greatest common divisor of 143 and 28327?
13
Calculate the highest common factor of 31486 and 34762.
182
Calculate the highest common divisor of 377701 and 101764.
1957
Calculate the greatest common factor of 763993 and 226.
113
What is the highest common factor of 1106 and 15089?
79
What is the highest common factor of 1339 and 7?
1
What is the greatest common factor of 196 and 3224396?
196
Calculate the greatest common divisor of 928 and 415744.
928
Calculate the highest common divisor of 1734326 and 2046.
682
What is the greatest common factor of 4816 and 24983?
301
Calculate the greatest common factor of 40020 and 6210.
690
Calculate the highest common divisor of 208 and 156533.
13
What is the greatest common factor of 7200 and 1280?
160
What is the greatest common factor of 414 and 1014714?
414
Calculate the greatest common factor of 6027 and 1.
1
Calculate the highest common factor of 573300 and 75.
75
What is the highest common divisor of 138 and 18630?
138
Calculate the greatest common divisor of 9518838 and 294.
294
Calculate the greatest common divisor of 161596 and 568.
284
Calculate the highest common factor of 528 and 510.
6
Calculate the highest common factor of 60140 and 880.
20
What is the greatest common factor of 177686 and 2?
2
What is the greatest common divisor of 10640 and 20672?
304
Calculate the highest common divisor of 47 and 355.
1
What is the greatest common divisor of 1873289 and 22?
11
What is the highest common factor of 3312 and 234462?
138
What is the greatest common divisor of 584 and 4632?
8
Calculate the greatest common factor of 261 and 261783.
261
Calculate the greatest common factor of 46606 and 42.
14
Calculate the greatest 